 Let a(v) = 2*c(v) - f(v). Calculate a(m).
-4
Let a be (2*1)/(441/(-36) - -12). Let j be (-58)/a + -1*5/20. Let l(z) = -3*z + 18. Determine l(j).
-3
Let b(o) = -o**3 + 5*o**2 - 2*o + 6. Let h be b(5). Let r(z) = -z**2 - z - 1. Let f(m) = -7*m**2 - 9*m - 3. Let l(t) = -f(t) + 6*r(t). Determine l(h).
1
Let g(h) = h**2 - 13537 + 13590 + 19*h - 3*h. Determine g(-12).
5
Let v(f) = 3 + 3*f**2 + 7*f + 4 - 5 + 3. Suppose -7138 = 25*h - 7038. Give v(h).
25
Suppose 1110 + 102 = 12*r. Let v(c) = -c + r - 47 - 49. Give v(-5).
10
Let n(k) = -108*k - 51*k - 45376 + 22512 + 22382. What is n(-3)?
-5
Suppose 0*b - b - 24 = 2*b. Let t(r) = -38*r - 308. Determine t(b).
-4
Let g(w) = w - 2. Let s(v) be the first derivative of -3*v**2/2 - 83*v + 73. Let p be s(-27). What is g(p)?
-4
Let t(c) = -13*c + 1. Let u(a) = -2*a - 1. Let n(g) = -t(g) + 4*u(g). Suppose -22 + 4 = -2*p. Determine n(p).
40
Let n(l) = -l**2 - 12*l - 11. Suppose 11 = b + 4*v + 2, v - 5 = 0. Let x be n(b). Let h(c) = c - 2 - c**2 + 2*c**2 + x*c - 2*c. Determine h(0).
-2
Let v(s) = -s - 11. Suppose -12 = -4*a - 4. Let u(r) = -r - 13. Let h(g) = a*u(g) - 3*v(g). What is h(-5)?
2
Let s = 3083 + -3096. Let m(f) = f - 16. What is m(s)?
-29
Let x(k) = 7*k - 27. Suppose -13*w = -7*w + z - 31, w - 31 = 5*z. Give x(w).
15
Let r(z) be the first derivative of 1/2*z**2 - 2*z + 66 + z**3. Determine r(-2).
8
Let g(j) be the third derivative of 0 + 1/24*j**4 - 5/6*j**3 - 2*j**2 - 25*j. What is g(10)?
5
Suppose -11*v + 12*v - 2*m = -1, 3*v - 3*m + 9 = 0. Let l(w) = 4*w + 2. Determine l(v).
-18
Let d = 144 + -32. Suppose 16*o = -0*o + d. Let y(t) = t**2 - 10*t + 9. Calculate y(o).
-12
Let w = 151 + -149. Let y(n) = n + 2*n - 14 + w. Give y(8).
12
Let c = 10882 - 10888. Let r(v) = 6*v + 15. Determine r(c).
-21
Let q(r) = -19*r**2 - r - 1. Let z(v) = -57*v - 80. Let d(g) = 28*g + 42. Let u(i) = -5*d(i) - 3*z(i). Let l be u(-1). What is q(l)?
-19
Let k(b) = -b**3 - 2*b**2 + 22*b + 21. Suppose -28 + 97 + 66 = -27*v. Determine k(v).
-14
Suppose -420 - 349 + 29 = 148*x. Let q(u) = 5 - u + 5*u + 0 - u**2 - 3*u. Give q(x).
-25
Suppose 4*t - 260 = -0*t. Suppose t + 15 = 8*d. Suppose 6 = -8*i + d*i. Let u(b) = -b**2 + 8*b - 4. Calculate u(i).
11
Let s(u) = u + 1. Let c(f) = f**2 + 15*f + 17. Let r(z) = c(z) - 6*s(z). What is r(-8)?
3
Let o(t) = -2*t - 10. Let m(f) = 4*f - 45. Let x be m(10). Let a(k) = -6*k - 28. Let v(r) = x*a(r) + 14*o(r). Give v(-6).
-12
Let x(k) = k. Let l(o) = 2*o - 1. Let u(t) = -2*l(t) + 3*x(t). Let b(f) be the first derivative of f**2 + 22*f + 4. Let a be b(-9). Determine u(a).
-2
Suppose 132*z + 10 + 47 + 243 = -624. Let l(s) be the third derivative of s**4/24 + 4*s**3/3 - s**2. Calculate l(z).
1
Let b(l) = l**3 + 17*l**2 - 52. Let j = -20089 - -20072. Determine b(j).
-52
Let b(h) = -2*h**2 - 6*h - 6. Suppose w + 2*w = 24. Suppose -4*y - w = -2*v - 7*y, -2 = 3*v + y. Let c be -4 - 1 - v/2. Give b(c).
-14
Let c(k) = -4*k**3 + 10*k**2 + 3*k + 19. Let f(x) = -11*x**3 + 28*x**2 + 8*x + 57. Let l(w) = -8*c(w) + 3*f(w). What is l(5)?
-6
Let c(j) = 7*j - 71. Suppose -1532*o + 280 = -1504*o. What is c(o)?
-1
Let q(w) be the first derivative of -2*w**3/3 + 13*w**2/2 + 22*w - 289. Give q(12).
-110
Let d(v) be the second derivative of 4*v**3/3 + v**2 - v - 228. Determine d(2).
18
Let u(x) be the first derivative of -x**4/12 - 13*x**3/6 + 5*x**2 - 144*x - 92. Let f(p) be the first derivative of u(p). Give f(-10).
40
Let k(y) = y**2 + 2*y + 2. Let t be 4 - 1/(-1 + 4/2). Suppose -15 = -3*o, t*x - 6*x - 37 = -5*o. Calculate k(x).
10
Let f(r) be the third derivative of 0 + 1/120*r**6 - 2/3*r**3 + 3/20*r**5 - 86*r**2 + 0*r + 1/4*r**4. Determine f(-8).
12
Let q(i) be the first derivative of i**3/3 + 6*i**2 + 3*i - 494. Give q(-11).
-8
Let h(g) be the first derivative of -g**3/3 - g**2/2 - 12*g + 3441. Determine h(-5).
-32
Let j be 9/2*(-40)/(-90). Let k be 1/1 - -3 - j. Let q(v) = -2*v**k + 1 + v**3 + 3*v**3 + v**2 - v. Calculate q(1).
3
Suppose 0 = -f - 5*m + 8, -4*f + 2*m - 104 = -8*f. Let o be ((-28)/f)/(2/8). Let l(g) = 5*g - 1 + g - g**3 - 3*g - 3*g**2. Determine l(o).
3
Let o(s) = 11 + 0*s**2 - 13*s + 5*s**2 - 4*s**2 - s. Let r be o(12). Let h = -15 - r. Let y(g) = g**2 - 3*g - 3. Give y(h).
7
Let n(v) be the third derivative of -v**4/6 + 5*v**3 + 2*v**2 - 145*v. Calculate n(9).
-6
Let d(y) = y**3 - 3*y**2 - 5*y - 3. Suppose -2*q + 66 = 2*r, -172 = -5*r - 2*q + 2. Let v(m) = 2*m - 68. Let k be v(r). Determine d(k).
-7
Let k(q) = 3*q**2 - 7*q + 1. Suppose 5*f = 17*g - 12*g - 45, 2*f = g - 13. What is k(g)?
41
Let y = 4 + 1. Suppose 2*u - 2*t - 2 = 0, 0 = 5*t - 0 - 5. Let q(l) = 6 + 4*l**2 - 6*l**2 + 7*l**u - l - l**3. Calculate q(y).
1
Let i be -9*(-3)/4 - (-15)/(-20). Let d(g) = 2*g - 34. Let h(a) = a - 16. Let s(n) = 6*d(n) - 13*h(n). Determine s(i).
-2
Let p(b) = -b**2 - 17*b. Suppose 2*n + 75*r + 19 = 80*r, n + 23 = -2*r. Determine p(n).
0
Let r be (-1 - (-2 + 2)) + -5. Let w(b) = b**3 + 24*b**2 + 45*b + 25. Let k be w(-22). Let n(l) = 3*l + 2 + 5*l**2 + k*l + l**3 - 23*l + 12*l. Give n(r).
-4
Let z(w) = 15*w - 71. Let f(p) = -8*p**2 + 729*p - 86. Let s be f(91). Give z(s).
4
Let y(w) = 4*w**2 - w - 1. Let t = 16 - 16. Suppose 7*a - 31 + 3 = t. Suppose -2*h - h = -a*v + 19, 5*h - v + 9 = 0. Give y(h).
4
Suppose -26 - 9 = -7*j. Suppose -4*u - 4*p + 26 = -2*p, -2*u + p = -23. Let c(h) = 2 - 66*h**2 - u + 65*h**2 + 4*h. Give c(j).
-12
Let j(v) be the third derivative of -v**4/24 + v**3/3 - 42424*v**2. Suppose 10 = -3*o + 5*o. Calculate j(o).
-3
Let s(o) = -11*o + 32. Let k(j) = 10*j - 44. Let m(h) = -6*k(h) - 5*s(h). Give m(19).
9
Let k(w) = -9 + 934*w**3 - 1869*w**3 - 47*w**2 - 14*w + 938*w**3 - 15. Determine k(16).
8
Let g(o) = -105*o - 32*o + 128*o - 9 - o**3 + 10*o**2. Give g(9).
-9
Suppose 0 = -266*z + 292*z + 51 - 259. Let m(w) = 2*w**2 - 14*w + 21. What is m(z)?
37
Suppose -16*j = -17*j. Let k(x) = 2*x + j + 4 - 11*x - 2 - 3. What is k(-2)?
17
Suppose 7611 = 2130*u - 7299. Let y(r) = r**2 - 9*r + 7. Let n(w) = 3*w**2 - 27*w + 21. Let s(t) = 6*n(t) - 17*y(t). Give s(u).
-7
Let r = -25 + -2. Let y be 6/r + (-50)/18. Let s(l) = 386*l - 179*l - 105*l - 98*l + 3 - l**2. Calculate s(y).
-18
Let b(l) be the first derivative of 20*l - 4*l**2 - 1/3*l**3 - 77. Calculate b(-10).
0
Let y(m) = m**2 + 4*m + 50. Let o(g) = g**3 + 120*g**2 + 471*g + 812. Let u be o(-116). What is y(u)?
50
Let x(v) be the third derivative of -v**4/24 - 25*v**3/6 - 31*v**2 - 7. Determine x(0).
-25
Let g(s) = -s**2 + 7*s - 5. Let v = -52 + 56. Suppose v*x - 102 = 7*x. Let k = -27 - x. Give g(k).
-5
Let n(y) = -y**2 - 2*y. Let d be 2/(0 - (-12)/(-10))*-3. Suppose -9 = -h + d*t, -2*h + 3*h - t = 5. Suppose 3*u - 4*p - 4 = 0, 5*u = p - 20 + h. Determine n(u).
-8
Let i(x) = x. Let n(b) be the first derivative of -b**3 - 18 - 5/2*b**2 + b. Let d(g) = 5*i(g) + n(g). Give d(2).
-11
Let x(g) = -g**3 + 7*g**2 - 9*g - 2. Suppose -9*l + 44 = -10. Let h(m) = 2*m**2 - 7*m - 26. Let v be h(l). Calculate x(v).
10
Let b(u) = -12*u - 585. Let l(j) = -50*j**2 + 121*j + 122. Let g be l(-1). Calculate b(g).
3
Let a(d) = -7*d + 2. Let s(f) = -4*f + 1. Suppose -2*z - 4*u = -10, z + 5*u = 4 + 4. Let t(w) = z*a(w) - 5*s(w). What is t(0)?
1
Let g(i) = -i**3 - 7*i**2 + 126*i - 12. Let y(n) = n**3 + 6*n**2 - 117*n + 11. Let u(s) = 13*g(s) + 14*y(s). Let x = -3 - -10. Calculate u(x).
-2
Let l(u) = -5*u**2 - 13*u + 4. Let h be l(-3). Let d(w) be the third derivative of w**5/15 + w**4/6 + w**3/2 - 45*w**2 - w. Calculate d(h).
11
Suppose 16*d - 21 = 13*d. Let b(h) be the second derivative of h**5/20 - h**4/2 - h**3 - 13*h**2/2 + 498*h. Calculate b(d).
-6
Suppose -81*o = -77*o. Let y be (-5 + (-18)/(-4))*o. Let t(u) = -u + 10. Calculate t(y).
10
Let i(f) = -4*f + 10*f + 4*f - 5*f - 3. Let a(v) = 4*v**2 - 44*v + 6. Let l be a(11). Determine i(l).
27
Let g = -3577 - -3568. Let i(d) = d**2 + 11*d - 16. Give i(g).
-34
Let h(y) = -6*y + 5. Let i(v) = -13*v + 11. Suppose -24 = -3*c - 3*q, 4*c - 5*c = 4*q - 5. Let j(p) = c*h(p) - 4*i(p). Determine j(3).
-5
Suppose -2*m - 2001 = -5*o, o = -5*m - 0*m + 411. Let b = -400 + o. Let v(y) = 5*y - 3 + 3. Give v(b).
5
Let l(x) = -2*x**2 - 11*x + 2. Suppose -13*m = 9*m - 44. Suppose 0 = 5*u - 5, m*o = 6*o - 3*u + 27. Give l(o).
-4